1*t - 121. Let u be n(19). What is the highest common factor of 95 and u?
5
Let z be (-9)/54 + 218/12. Let g(v) = -25*v**2 + 22*v - 4. Let h be g(3). Let k = -151 - h. What is the greatest common factor of z and k?
6
Let x be -2 + -4 - 3*485/60*-4. What is the greatest common divisor of 18109 and x?
91
Let h be (35/(-2))/(6/(-12)). Suppose 26*i = -h*i + 1037. What is the highest common factor of i and 1037?
17
Let x = 2037 + -1960. Suppose 6*s - 6 = 3*s. Suppose u - 4*g = 17 - s, 5*u - 2*g = 57. Calculate the greatest common factor of x and u.
11
Let y = -323 + 1026. Calculate the highest common divisor of y and 296.
37
Let y = 566 + -562. Suppose -3*c = -4*d - 41, -5*c + 2*d - 6*d + 79 = 0. Suppose -3*g = -39 - c. Calculate the greatest common divisor of g and y.
2
Let p be (-18)/15*(-15)/6. Suppose -16*n + 7*n = 36. Let q be (-3 - n)/((-60)/63 - -1). Calculate the highest common divisor of q and p.
3
Let j = -825 + 770. Let s be j/22*(2 - (-170)/(-25)). Calculate the greatest common divisor of s and 60.
12
Let l = 37 + -15. Let h(b) be the third derivative of b**5/5 - 59*b**4/24 + b**3 + 2*b**2 + 141*b. Let q be h(5). What is the greatest common factor of l and q?
11
Let w be 14/(-28) - 534/(-12). Let c(k) = -242*k. Let i(t) = t**2 + 6*t + 3. Let h be i(-5). Let g be c(h). What is the greatest common factor of w and g?
44
Suppose -5*t - 175*u = -177*u - 23, -2*t + 15 = 5*u. Calculate the highest common divisor of 3785 and t.
5
Let f = -10804 + 22590. What is the greatest common divisor of f and 166?
166
Suppose 0 = -10*y + 2 + 98. Suppose 0 = -3*t + 8*t + 250. Let n = y - t. Calculate the greatest common divisor of 15 and n.
15
Let x(n) = -n**3 - 53*n**2 + n + 62. Let p be x(-53). Calculate the greatest common factor of 13 and p.
1
Let z(w) = -79*w**2 - 3*w + 3. Let c be z(1). Let j = 118 + c. Suppose k - j = -19. What is the greatest common factor of k and 40?
20
Suppose -1840 = -9*w + 779. Let u = w + -183. What is the highest common divisor of u and 60?
12
Suppose -20*b - 1423 + 6083 = 0. Let k = b + -221. What is the highest common factor of k and 24?
12
Let o(u) = -u**3 - 84*u**2 - 22*u + 612. Let c be o(-84). What is the greatest common divisor of 380 and c?
20
Let m be (-2)/4*6 - -67. Suppose a - 64 = -i, -3*i + 2*i + m = 5*a. Let g be 6/51 + (-270)/(-17). Calculate the greatest common factor of g and i.
16
Suppose -214*c - 356848 + 2329654 = 207*c. Calculate the greatest common divisor of 284 and c.
142
Let h = -6236 - -6659. Calculate the greatest common divisor of 517 and h.
47
Let y be ((-5)/(-2) - 3)*24. Suppose -3*n = d - 2*d - 58, -15 = -3*d. Let c = n + y. Calculate the greatest common factor of c and 45.
9
Let m be (-10)/4*(-14)/5. Suppose 132 = -m*u + 8*u. What is the greatest common factor of 77 and u?
11
Suppose 147*c - 9420 = -1281 + 3621. Let g be 2*-1 - 34/(-1). Calculate the greatest common divisor of c and g.
16
Let s(r) = 117*r**2 - 4*r + 3. Suppose -i + 6*a - 2*a = -17, 4 = -a. Let t be s(i). What is the greatest common factor of 87 and t?
29
Let s = 1505 - 1440. What is the greatest common divisor of s and 15795?
65
Let n be 21/9 - 1 - ((-474467)/21 - 2). What is the greatest common factor of n and 59?
59
Suppose -2597*y + t - 1094 = -2600*y, 1810 = 5*y + 5*t. Suppose 0 = -v + 6. What is the highest common divisor of y and v?
6
Let a(l) = -l**2 - 128*l - 3132. Let j be a(-48). Calculate the greatest common divisor of 768 and j.
12
Suppose -47*g + 81 = -154. Suppose -9*n - g*h - 21 = -12*n, -2*n - h = -14. What is the highest common factor of 7 and n?
7
Let z = -2983 + 3829. What is the highest common factor of z and 54?
18
Let y(u) = -184*u + 1312. Let m be y(4). Calculate the highest common divisor of m and 240.
48
Let g be 4 - 1/(-5 + 6). Let x be (1 - 23/g)/(28/(-84)). Suppose a - 141 - 19 = 0. Calculate the highest common divisor of a and x.
20
Let y = -3 - -7. Suppose 0 = -204*a + 1003 + 17. Suppose g - y*u = -0*u + 48, a*g + 3*u - 148 = 0. What is the highest common factor of g and 48?
16
Let o be (70312/752)/((-2)/(-12)). What is the greatest common factor of 374 and o?
187
Let k(j) = j + 31. Let s be k(-7). Let a = s + -27. Let y be 6/a*(-15)/10. Calculate the greatest common factor of y and 15.
3
Suppose -68*b + 948012 = -42*b + 130*b. What is the highest common factor of b and 206?
103
Let d(n) = -13*n - 4. Let b(g) = g**3 + 5*g**2 + g + 1. Let o be b(-5). Let l be d(o). Let w = -16536 - -16542. Calculate the greatest common factor of l and w.
6
Let x(v) = v**2 - 152*v - 2433. Let h be x(-15). What is the highest common factor of 6144 and h?
24
Let p = 3784 + -3749. What is the greatest common divisor of p and 575?
5
Let v = -3578 + 3609. Let n(g) = -g**2 + 25*g + 5. Let h be n(10). What is the highest common divisor of v and h?
31
Suppose 25 = z + 3*z + 5*h, -z + 19 = -3*h. Suppose 131535*y - 300 = 131505*y. Calculate the highest common divisor of z and y.
10
Let h = -1672 - -1677. Suppose p = 280 - 28. Suppose 4*l + p = h*l. Calculate the highest common factor of 28 and l.
28
Let g(o) = -5*o**2 + 65*o - 90. Let d(f) = -6*f**2 + 65*f - 95. Let t(r) = -3*d(r) + 4*g(r). Let b be t(25). What is the greatest common divisor of 225 and b?
75
Suppose -14 = -2*q - 3*s - 2*s, 0 = -q - 2*s + 7. Let l(z) = 4*z. Let g be l(q). Let d = 1083 - 1055. What is the highest common factor of g and d?
28
Let a be ((-80)/(-2))/((-26)/(-702)). Suppose -32*j + a + 136 = 0. Calculate the highest common factor of 285 and j.
19
Let h = -13992 - -14069. Let g be 2 + -1 - 40/(-2). What is the highest common divisor of h and g?
7
Let t(d) = -25*d + 2248. Let l be t(-49). Calculate the greatest common divisor of l and 23.
23
Suppose -60*c = -58*c - 440. Let h be (-1)/((-3 - 0) + 649/c). Calculate the highest common divisor of h and 4.
4
Let j(d) = 38*d + 386. Let r be j(-7). Calculate the greatest common factor of r and 72.
24
Let q = 224 + 496. What is the greatest common factor of q and 320?
80
Let s(j) = 39*j + 4 + 0 - 12*j + 5. Let l be s(-3). Let y be 55/8 - 9/l. What is the highest common divisor of y and 28?
7
Suppose p - 38 = 4*s, -4*p - s + 31 = -2*p. Let c(o) = -5*o + 52. Let v be c(10). Calculate the greatest common divisor of v and p.
2
Let n be 20/18 + -1 + (-544)/36. Let v(i) = i**2 + 10*i + 6. Let g be v(n). Calculate the greatest common divisor of g and 27.
27
Let f = -70 - -62. Let w be f + 4/((-1)/(-1)). Let b be -1*(w - (-3 + 9)). Calculate the highest common factor of 60 and b.
10
Let m be ((-21)/28)/((-99)/95304). What is the highest common factor of 760 and m?
38
Let s(d) = 11*d + 60. Let v be s(-5). Suppose 4*y - 496 = -v*b + 457, -5*y + 2*b = -1216. Calculate the greatest common factor of y and 44.
22
Suppose 5*z = t, 88*z + 75 = 4*t + 83*z. Calculate the highest common divisor of t and 3425.
25
Let o be (-641)/((19/(-57))/((-6)/(-9))). Let y = -1276 + o. Let g be (-3)/(0 + -2 + 1). What is the highest common factor of y and g?
3
Let m(b) = -b**2 - 6*b - 1. Let k be m(-5). Let x = 1131 - 1563. Let f = -396 - x. What is the greatest common factor of k and f?
4
Let c = -3897 + 7617. Calculate the highest common factor of c and 15.
15
Suppose 66 + 29 = 2*v - c, v - 23 = 4*c. Suppose 4*h = -2*r + 3*r - 88, 5*r - 5*h = 365. What is the greatest common divisor of r and v?
17
Suppose b - 3*j + 8*j - 74 = 0, 5*j = 10. Let t(o) = -o**3 + 3*o**2 + 3*o + 4. Let i be t(3). Let n = i - -3. What is the greatest common divisor of n and b?
16
Suppose 53*y = 48*y - 30. Let r be 38/12 + (1/y)/1. What is the greatest common divisor of 3 and r?
3
Let v be 324/63 + (0 + 2)/(-14). Suppose -10*h = -14*h - 3*n + 35, 10 = v*h - 3*n. What is the highest common divisor of h and 25?
5
Let l be ((-2)/(-8)*-9)/((-3)/40). Let v = l + -26. Suppose d = 2*p - v + 5, 4*d + p = 22. What is the greatest common factor of d and 20?
5
Let q be ((-560)/12)/(-1) - 6/(-18). Suppose -46*u = -q*u + 40. What is the greatest common divisor of u and 280?
40
Let o be 33813 + (-2 + 5)/(5/(-15)). What is the greatest common factor of 108 and o?
108
Suppose -145644 = -30*m - 105*m + 83586. What is the greatest common divisor of m and 24?
6
Let v = -5094 + 5103. What is the highest common divisor of v and 4527?
9
Let v = -1725 + 1821. What is the highest com